2116382?
6
What is the ten millions digit of 38164657?
3
What is the units digit of 174181199?
9
What is the ten thousands digit of 34443454?
4
What is the millions digit of 17476554?
7
What is the ten millions digit of 4085579216?
8
What is the thousands digit of 3869604816?
4
What is the millions digit of 7111724?
7
What is the ten thousands digit of 317298736?
9
What is the thousands digit of 1002774469?
4
What is the ten thousands digit of 38253599?
5
What is the millions digit of 10799518?
0
What is the tens digit of 16864888?
8
What is the ten millions digit of 7143140964?
4
What is the ten thousands digit of 93195290?
9
What is the units digit of 56343893?
3
What is the hundred millions digit of 168564308?
1
What is the hundreds digit of 26552783?
7
What is the ten millions digit of 22194727?
2
What is the thousands digit of 1420204549?
4
What is the hundreds digit of 9518895?
8
What is the ten thousands digit of 343789865?
8
What is the tens digit of 26270724?
2
What is the hundred thousands digit of 31883006?
8
What is the tens digit of 287323995?
9
What is the units digit of 3137309981?
1
What is the units digit of 451794634?
4
What is the ten thousands digit of 162711320?
1
What is the tens digit of 636477027?
2
What is the units digit of 90393743?
3
What is the thousands digit of 4775084003?
4
What is the hundreds digit of 82599886?
8
What is the thousands digit of 1030784483?
4
What is the thousands digit of 108335499?
5
What is the ten millions digit of 5527146264?
2
What is the ten thousands digit of 173171283?
7
What is the hundred thousands digit of 67901844?
9
What is the hundreds digit of 52337379?
3
What is the units digit of 86311509?
9
What is the millions digit of 600936010?
0
What is the units digit of 2887372432?
2
What is the hundreds digit of 227217357?
3
What is the millions digit of 155925672?
5
What is the hundred thousands digit of 379109532?
1
What is the ten thousands digit of 8603705?
0
What is the ten millions digit of 221906312?
2
What is the hundred thousands digit of 568212627?
2
What is the thousands digit of 31502474?
2
What is the units digit of 4106449129?
9
What is the tens digit of 93469395?
9
What is the units digit of 53028754?
4
What is the ten millions digit of 739493123?
3
What is the ten millions digit of 556869978?
5
What is the millions digit of 1620968?
1
What is the ten thousands digit of 831601590?
0
What is the hundreds digit of 7002119273?
2
What is the ten millions digit of 1634373954?
3
What is the millions digit of 1949091969?
9
What is the ten thousands digit of 42741137?
4
What is the thousands digit of 200417011?
7
What is the tens digit of 839199000?
0
What is the hundred thousands digit of 17666581?
6
What is the hundreds digit of 179239664?
6
What is the ten thousands digit of 1259224799?
2
What is the hundred millions digit of 207770923?
2
What is the thousands digit of 359131409?
1
What is the ten millions digit of 186766920?
8
What is the hundred thousands digit of 1309711372?
7
What is the tens digit of 4707755833?
3
What is the ten thousands digit of 3123543979?
4
What is the hundreds digit of 15904944?
9
What is the tens digit of 2926843721?
2
What is the hundred millions digit of 457481890?
4
What is the millions digit of 1735876922?
5
What is the millions digit of 5701988?
5
What is the ten millions digit of 772978235?
7
What is the thousands digit of 69013?
9
What is the hundred millions digit of 259939099?
2
What is the hundred millions digit of 1614951985?
6
What is the thousands digit of 1177545338?
5
What is the hundreds digit of 46702967?
9
What is the hundred millions digit of 2196291712?
1
What is the hundred thousands digit of 550342132?
3
What is the hundred millions digit of 123524151?
1
What is the hundreds digit of 394397657?
6
What is the units digit of 2852657928?
8
What is the ten millions digit of 15091619?
1
What is the thousands digit of 1387425617?
5
What is the hundred thousands digit of 1358307745?
3
What is the units digit of 39399424?
4
What is the thousands digit of 4990776?
0
What is the hundred thousands digit of 115905403?
9
What is the ten millions digit of 1210359909?
1
What is the millions digit of 2367743152?
7
What is the ten millions digit of 502242304?
0
What is the millions digit of 596946846?
6
What is the hundreds digit of 157072156?
1
What is the ten thousands digit of 80427478?
2
What is the tens digit of 7381351?
5
What is the ten millions digit of 20141609?
2
What is the hundred thousands digit of 68945747?
9
What is the tens digit of 2214739157?
5
What is the ten thousands digit of 335591146?
9
What is the units digit of 838746764?
4
What is the hundred thousands digit of 181291517?
2
What is the hundred millions digit of 689234943?
6
What is the ten thousands digit of 169102163?
0
What is the millions digit of 1572715078?
2
What is the hundred thousands digit of 1585134165?
1
What is the thousands digit of 1505882775?
2
What is the tens digit of 2660235351?
5
What is the thousands digit of 41020008?
0
What is the ten millions digit of 211439866?
1
What is the hundred millions digit of 837989644?
8
What is the hundred thousands digit of 345682943?
6
What is the units digit of 24325661?
1
What is the thousands digit of 1767685733?
5
What is the ten millions digit of 80716923?
8
What is the thousands digit of 468476745?
6
What is the billions digit of 3022870883?
3
What is the hundreds digit of 347645782?
7
What is the ten thousands digit of 25497466?
9
What is the hundred thousands digit of 68927030?
9
What is the tens digit of 2784346139?
3
What is the units digit of 159904787?
7
What is the thousands digit of 1219788261?
8
What is the tens digit of 72269189?
8
What is the millions digit of 748520610?
8
What is the units digit of 108538925?
5
What is the millions digit of 431177663?
1
What is the thousands digit of 211514269?
4
What is the units digit of 241758715?
5
What is the tens digit of 1391844451?
5
What is the ten thousands digit of 3778369644?
6
What is the thousands digit of 97196265?
6
What is the units digit of 79633785?
5
What is the hundreds digit of 3397598107?
1
What is the millions digit of 295117516?
5
What is the hundred thousands digit of 7000874457?
8
What is the ten millions digit of 305380626?
0
What is the ten millions digit of 440257796?
4
What is the hundreds digit of 60676772?
7
What is the tens digit of 1751082049?
4
What is the ten millions digit of 329242514?
2
What is the hundreds digit of 352460906?
9
What is the ten thousands digit of 1411494840?
9
What is the millions digit of 121654752?
1
What is the hundred millions digit of 335330931?
3
What is the thousands digit of 116666628?
6
What is the millions digit of 11724045?
1
What is the units digit of 304983708?
8
What is the thousands digit of 736476476?
6
What is the tens digit of 182574510?
1
What is the millions digit of 44339829?
4
What is the ten thousands digit of 6026647142?
4
What is the hundred thousands digit of 198895035?
8
What is the hundred millions digit of 134555376?
1
What is the tens digit of 669042544?
4
What is the millions digit of 89747469?
9
What is the hundred millions digit of 1409332777?
4
What is the hundreds digit of 24105636?
6
What is the tens digit of 27738758?
5
What is the hundred thousands digit of 6774419651?
4
What is the tens digit of 158152890?
9
What is the hundred millions digit of 1158864623?
1
What is the tens digit of 256175765?
6
What is the units digit of 626019950?
0
What is the thousands digit of 22791626?
1
What is the tens digit of 965917885?
8
What is the thousands digit of 94379092?
9
What is the billions digit of 2526427027?
2
What is the ten millions digit of 92522868?
9
What is the tens digit of 22530013?
1
What is the hundred millions digit of 112248021?
1
What is the thousands digit of 540722317?
2
What is the hundred thousands digit of 2962724608?
7
What is the millions digit of 393377938?
3
What is the tens digit of 98814686?
8
What is the millions digit of 64109843?
4
What is the millions digit of 172505997?
2
What is the ten millions digit of 21778976?
2
What is the millions digit of 33866560?
3
What is the units digit of 311169921?
1
What is the thousands digit of 3407227476?
7
Wh